
{"id":3862,"date":"2015-01-11T14:22:47","date_gmt":"2015-01-11T14:22:47","guid":{"rendered":"http:\/\/www.emanuela-cardetta.com\/?page_id=3862"},"modified":"2021-10-25T10:17:15","modified_gmt":"2021-10-25T10:17:15","slug":"tlmocenie","status":"publish","type":"page","link":"https:\/\/k-demo.it\/cardetta\/tlmocenie\/","title":{"rendered":"Tlmo\u010denie"},"content":{"rendered":"<p>[vc_row][vc_column][rev_slider_vc alias=&#8221;interpretazione&#8221;][\/vc_column][\/vc_row][vc_row][vc_column][vc_column_text]<br \/>\n[\/vc_column_text][\/vc_column][\/vc_row][vc_row css=&#8221;.vc_custom_1418727341525{padding-top: 45px !important;padding-bottom: 45px !important;}&#8221;][vc_column][ivan_title align=&#8221;left&#8221; c_id=&#8221;.vc_1435833550456&#8243; title_css=&#8221;color:#aa6a6a;font-size:36px;&#8221; sub=&#8221;Plynul\u00e1 a presn\u00e1 komunik\u00e1cia na mnohojazy\u010dn\u00fdch podujatiach&#8221;]Tlmo\u010denie[\/ivan_title][\/vc_column][\/vc_row][vc_row][vc_column][vc_column_text c_id=&#8221;.vc_1435833605826&#8243;]<\/p>\n<p align=\"JUSTIFY\"><b>Ko\u013eko kr\u00e1t sa ti stalo, \u017ee si nemohol komunikova\u0165 s\u00a0niek\u00fdm, lebo ste nepoznali spolo\u010dn\u00fd jazyk? Pom\u00f4c\u0165 ti v\u00a0tak\u00fdchto situ\u00e1ci\u00e1ch je moja pr\u00e1ca.<\/b><\/p>\n<p align=\"JUSTIFY\">Aby tlmo\u010dn\u00edk pom\u00e1hal \u013eu\u010fom plynule komunikova\u0165, potrebuje ve\u013ea zru\u010dnost\u00ed a znalost\u00ed, nem\u00f4\u017ee improvizova\u0165: naopak, poznanie jazyka je s\u00edce nevyhnutnou ale nie dostato\u010dnou podmienkou pre pr\u00e1cu sk\u00fasen\u00e9ho tlmo\u010dn\u00edka. Profesion\u00e1lny tlmo\u010dn\u00edk mus\u00ed ma\u0165 rovnako odborn\u00e9 znalosti: ovl\u00e1danie tlmo\u010dn\u00edckych techn\u00edk, \u0161irok\u00fd v\u0161eobecn\u00fd rozh\u013ead, v\u00fdborn\u00fa terminologick\u00fa odbornos\u0165 a mus\u00ed by\u0165 schopn\u00fd racion\u00e1lne zvl\u00e1da\u0165 neo\u010dak\u00e1van\u00e9 situ\u00e1cie.<\/p>\n<p align=\"JUSTIFY\">Od\u00a0roku 2009 pon\u00fakam <strong>profesion\u00e1lne<\/strong> jazykov\u00e9 slu\u017eby na konferenci\u00e1ch, prezent\u00e1ci\u00e1ch, ve\u013etrhoch a v\u0161etk\u00fdch mnohojazy\u010dn\u00fdch podujatiach.\u00a0Ak bude<span lang=\"sk-SK\">\u0161<\/span> organizova\u0165 mnohojazy\u010dn\u00e9 podujatia a potrebuje\u0161 tlmo\u010dn\u00edcke slu\u017eby, ochotne <span lang=\"sk-SK\">ti<\/span> pom\u00f4\u017eem s <span lang=\"sk-SK\">tvoj<\/span>ou konkr\u00e9tnou po\u017eiadavkou a pon\u00faknem rie\u0161enia presne pod\u013ea <span lang=\"sk-SK\">tvoj<\/span>ich predst\u00e1v.<\/p>\n<p>Tu je zoznam tlmo\u010dn\u00edckych slu\u017eieb, ktor\u00e9 pon\u00fakam:[\/vc_column_text][\/vc_column][\/vc_row][vc_row width=&#8221;full&#8221; bg_color_row=&#8221;#aa6a6a&#8221; css=&#8221;.vc_custom_1421144865562{padding-top: 40px !important;padding-bottom: 40px !important;}&#8221;][vc_column width=&#8221;1\/4&#8243;][ivan_title c_id=&#8221;.vc_1435835709722&#8243; title_css=&#8221;color:#ffffff;&#8221;]Simult\u00e1nne tlmo\u010denie[\/ivan_title][vc_column_text c_id=&#8221;.vc_1435833734258&#8243; p_css=&#8221;color:#ffffff;&#8221;]<\/p>\n<p style=\"text-align: center;\"><span style=\"color: #ffffff;\">Tlmo\u010dn\u00edk je v kab\u00ednke a tlmo\u010di s\u00fa\u010dasne s vyst\u00fapen\u00edm re\u010dn\u00edka<\/span><\/p>\n<p>[\/vc_column_text][ivan_button link=&#8221;http:\/\/www.emanuela-cardetta.com\/simultanne-tlmocenie\/&#8221; border_r=&#8221;round-square&#8221; display=&#8221;btn-block&#8221; c_id=&#8221;.vc_1435834873270&#8243;]Viac[\/ivan_button][\/vc_column][vc_column width=&#8221;1\/4&#8243;][ivan_title c_id=&#8221;.vc_1435833804871&#8243; title_css=&#8221;color:#ffffff;&#8221;]Konzekut\u00edvne tlmo\u010denie[\/ivan_title][vc_column_text c_id=&#8221;.vc_1435833742546&#8243; p_css=&#8221;color:#ffffff;&#8221;]<\/p>\n<p style=\"text-align: center;\"><span style=\"color: #ffffff;\">Tlmo\u010denie mimo kab\u00ednky a z pozn\u00e1mok (3-5 min)<\/span><\/p>\n<p>[\/vc_column_text][ivan_button link=&#8221;http:\/\/www.emanuela-cardetta.com\/konzekutivne-tlmocenie\/&#8221; border_r=&#8221;round-square&#8221; display=&#8221;btn-block&#8221; c_id=&#8221;.vc_1435834899641&#8243;]Viac[\/ivan_button][\/vc_column][vc_column width=&#8221;1\/4&#8243;][ivan_title c_id=&#8221;.vc_1435833824235&#8243; title_css=&#8221;color:#ffffff;&#8221;]\u0160u\u0161ot\u00e1\u017e (tlmo\u010denie \u0161epkan\u00edm)[\/ivan_title][vc_column_text c_id=&#8221;.vc_1435833750728&#8243; p_css=&#8221;color:#ffffff;&#8221;]<\/p>\n<p style=\"text-align: center;\"><span style=\"color: #ffffff;\">Podobn\u00e9 ako simult\u00e1nne tlmo\u010denie, ale bez kab\u00ednky<\/span><\/p>\n<p>[\/vc_column_text][ivan_button link=&#8221;http:\/\/www.emanuela-cardetta.com\/susotaz\/&#8221; border_r=&#8221;round-square&#8221; display=&#8221;btn-block&#8221; c_id=&#8221;.vc_1435834921001&#8243;]Viac[\/ivan_button][\/vc_column][vc_column width=&#8221;1\/4&#8243;][ivan_title c_id=&#8221;.vc_1435833831682&#8243; title_css=&#8221;color:#ffffff;&#8221;]Be\u017en\u00e1 konzekut\u00edva (liaison)[\/ivan_title][vc_column_text c_id=&#8221;.vc_1435833758465&#8243; p_css=&#8221;color:#ffffff;&#8221;]<\/p>\n<p style=\"text-align: center;\"><span style=\"color: #ffffff;\">Tlmo\u010dn\u00edk preklad\u00e1<span lang=\"sk-SK\"> vetu po vete z jedn\u00e9ho <\/span><span lang=\"sk-SK\">jazyka do druh\u00e9ho<\/span><\/span><\/p>\n<p>[\/vc_column_text][ivan_button link=&#8221;http:\/\/www.emanuela-cardetta.com\/bezna-konzekutiva\/&#8221; border_r=&#8221;round-square&#8221; display=&#8221;btn-block&#8221; c_id=&#8221;.vc_1435834947275&#8243;]Viac[\/ivan_button][\/vc_column][\/vc_row][vc_row][vc_column][vc_empty_space height=&#8221;40px&#8221;][\/vc_column][\/vc_row][vc_row css=&#8221;.vc_custom_1418727341525{padding-top: 45px !important;padding-bottom: 45px !important;}&#8221;][vc_column width=&#8221;1\/2&#8243;][ivan_title align=&#8221;left&#8221; c_id=&#8221;.vc_1419512168569&#8243; title_css=&#8221;color:#aa6a6a;font-size:36px;&#8221;]Portfolio tlmo\u010denie[\/ivan_title][vc_empty_space][vc_column_text c_id=&#8221;.vc_1421426830681&#8243;]<\/p>\n<p style=\"text-align: justify;\"><strong>M\u00e1\u0161 z\u00e1ujem zoznami\u0165 sa s tlmo\u010dn\u00edckymi slu\u017ebami, ktor\u00e9 pon\u00fakam?<\/strong><\/p>\n<p style=\"text-align: justify;\">Vzh\u013eadom k ochrane s\u00fakromia, nezverej\u0148ujem vide\u00e1 a nahr\u00e1vky zo skuto\u010dn\u00fdch konferencii, pri ktor\u00fdch som pracovala ako tlmo\u010dn\u00ed\u010dka. Ak m\u00e1\u0161 z\u00e1ujem vidie\u0165 moju pr\u00e1cu \u201cna\u017eivo\u201d, tu n\u00e1jde\u0161 mal\u00e9 vzorky prejavov, ktor\u00e9 s\u00fa k dispoz\u00edcii na internete, kde som simult\u00e1nne tlmo\u010dila do talian\u010diny.<\/p>\n<p>[\/vc_column_text][\/vc_column][vc_column width=&#8221;1\/2&#8243;][vc_column_text c_id=&#8221;.vc_1421255726278&#8243;]<strong>Angli\u010dtina &gt; talian\u010dina<\/strong><\/p>\n<audio class=\"wp-audio-shortcode\" id=\"audio-3862-1\" preload=\"none\" style=\"width: 100%;\" controls=\"controls\"><source type=\"audio\/wav\" src=\"http:\/\/www.emanuela-cardetta.com\/wp-content\/uploads\/2014\/05\/Campione_EN-IT.wav?_=1\" \/><a href=\"http:\/\/www.emanuela-cardetta.com\/wp-content\/uploads\/2014\/05\/Campione_EN-IT.wav\">http:\/\/www.emanuela-cardetta.com\/wp-content\/uploads\/2014\/05\/Campione_EN-IT.wav<\/a><\/audio>\n<p>[\/vc_column_text][vc_column_text c_id=&#8221;.vc_1421255757512&#8243;]<strong>Franc\u00faz\u0161tina &gt; talian\u010dina<\/strong><\/p>\n<audio class=\"wp-audio-shortcode\" id=\"audio-3862-2\" preload=\"none\" style=\"width: 100%;\" controls=\"controls\"><source type=\"audio\/wav\" src=\"http:\/\/www.emanuela-cardetta.com\/wp-content\/uploads\/2014\/05\/Campione_FR-IT.wav?_=2\" \/><a href=\"http:\/\/www.emanuela-cardetta.com\/wp-content\/uploads\/2014\/05\/Campione_FR-IT.wav\">http:\/\/www.emanuela-cardetta.com\/wp-content\/uploads\/2014\/05\/Campione_FR-IT.wav<\/a><\/audio>\n<p>[\/vc_column_text][vc_column_text c_id=&#8221;.vc_1421255781536&#8243;]<strong>Sloven\u010dina &gt; talian\u010dina<\/strong><\/p>\n<audio class=\"wp-audio-shortcode\" id=\"audio-3862-3\" preload=\"none\" style=\"width: 100%;\" controls=\"controls\"><source type=\"audio\/wav\" src=\"http:\/\/www.emanuela-cardetta.com\/wp-content\/uploads\/2014\/05\/Campione_SK-IT.wav?_=3\" \/><a href=\"http:\/\/www.emanuela-cardetta.com\/wp-content\/uploads\/2014\/05\/Campione_SK-IT.wav\">http:\/\/www.emanuela-cardetta.com\/wp-content\/uploads\/2014\/05\/Campione_SK-IT.wav<\/a><\/audio>\n<p>[\/vc_column_text][\/vc_column][\/vc_row][vc_row][vc_column][\/vc_column][\/vc_row][vc_row width=&#8221;full&#8221; bg_type=&#8221;image&#8221; bg_image_url=&#8221;3004&#8243; bg_repeat=&#8221;repeat&#8221; bg_size=&#8221;auto&#8221; css=&#8221;.vc_custom_1418759688939{padding-top: 30px !important;padding-bottom: 20px !important;}&#8221;][vc_column][ivan_title align=&#8221;left&#8221; c_id=&#8221;.vc_1435833889814&#8243; title_css=&#8221;color:#aa6a6a;&#8221;]Tu ma n\u00e1jde\u0161[\/ivan_title][ivan_contact c_id=&#8221;.vc_1635157002893&#8243;]\n<div class=\"wpcf7 no-js\" id=\"wpcf7-f7075-o1\" lang=\"it-IT\" dir=\"ltr\">\n<div class=\"screen-reader-response\"><p role=\"status\" aria-live=\"polite\" aria-atomic=\"true\"><\/p> <ul><\/ul><\/div>\n<form action=\"\/cardetta\/wp-json\/wp\/v2\/pages\/3862#wpcf7-f7075-o1\" method=\"post\" class=\"wpcf7-form init\" aria-label=\"Modulo di contatto\" novalidate=\"novalidate\" data-status=\"init\">\n<div style=\"display: none;\">\n<input type=\"hidden\" name=\"_wpcf7\" value=\"7075\" \/>\n<input type=\"hidden\" name=\"_wpcf7_version\" value=\"5.9.7\" \/>\n<input type=\"hidden\" name=\"_wpcf7_locale\" value=\"it_IT\" \/>\n<input type=\"hidden\" name=\"_wpcf7_unit_tag\" value=\"wpcf7-f7075-o1\" \/>\n<input type=\"hidden\" name=\"_wpcf7_container_post\" value=\"0\" \/>\n<input type=\"hidden\" name=\"_wpcf7_posted_data_hash\" value=\"\" \/>\n<\/div>\n<div class=\"row\">\n\t<div class=\"field-wrap col-md-6 col-sm-12\">\n\t\t<p><span class=\"wpcf7-form-control-wrap\" data-name=\"name-upload\"><input size=\"40\" maxlength=\"400\" class=\"wpcf7-form-control wpcf7-text wpcf7-validates-as-required\" aria-required=\"true\" aria-invalid=\"false\" placeholder=\"Meno *\" value=\"\" type=\"text\" name=\"name-upload\" \/><\/span>\n\t\t<\/p>\n\t<\/div>\n\t<div class=\"field-wrap col-md-6 col-sm-12\">\n\t\t<p><span class=\"wpcf7-form-control-wrap\" data-name=\"email\"><input size=\"40\" maxlength=\"400\" class=\"wpcf7-form-control wpcf7-email wpcf7-validates-as-required wpcf7-text wpcf7-validates-as-email\" aria-required=\"true\" aria-invalid=\"false\" placeholder=\"Email *\" value=\"\" type=\"email\" name=\"email\" \/><\/span>\n\t\t<\/p>\n\t<\/div>\n\t<div class=\"field-wrap col-md-6 col-sm-12\">\n\t\t<p><span class=\"wpcf7-form-control-wrap\" data-name=\"tel\"><input size=\"40\" maxlength=\"400\" class=\"wpcf7-form-control wpcf7-tel wpcf7-text wpcf7-validates-as-tel\" aria-invalid=\"false\" placeholder=\"Telef\u00f3nne \u010dislo\" value=\"\" type=\"tel\" name=\"tel\" \/><\/span>\n\t\t<\/p>\n\t<\/div>\n\t<div class=\"field-wrap col-md-6 col-sm-12\">\n\t\t<p><span class=\"wpcf7-form-control-wrap\" data-name=\"oggetto\"><input size=\"40\" maxlength=\"140\" class=\"wpcf7-form-control wpcf7-text\" aria-invalid=\"false\" placeholder=\"Spr\u00e1va\" value=\"\" type=\"text\" name=\"oggetto\" \/><\/span>\n\t\t<\/p>\n\t<\/div>\n\t<div class=\"field-wrap col-xs-12 col-sm-12 col-md-4\">\n\t\t<p><span class=\"wpcf7-form-control-wrap\" data-name=\"privacy\"><span class=\"wpcf7-form-control wpcf7-acceptance\"><span class=\"wpcf7-list-item\"><label><input type=\"checkbox\" name=\"privacy\" value=\"1\" aria-invalid=\"false\" \/><span class=\"wpcf7-list-item-label\"><strong>S\u00fahlasim s podmienkami <a href=\"http:\/\/www.emanuela-cardetta.com\/privacy-policy-sk\/\">ochrany osobn\u00fdch \u00fadajov<\/a>.<\/strong>*<\/span><\/label><\/span><\/span><\/span>\n\t\t<\/p>\n\t<\/div>\n\t<div class=\"field-wrap col-xs-12 col-sm-12 col-md-2\">\n\t\t<p><input class=\"wpcf7-form-control wpcf7-submit has-spinner\" type=\"submit\" value=\"Invia\" \/>\n\t\t<\/p>\n\t<\/div>\n<\/div><div class=\"wpcf7-response-output\" aria-hidden=\"true\"><\/div>\n<\/form>\n<\/div>\n[\/ivan_contact][\/vc_column][\/vc_row]<\/p>\n","protected":false},"excerpt":{"rendered":"<p>[vc_row][vc_column][rev_slider_vc alias=&#8221;interpretazione&#8221;][\/vc_column][\/vc_row][vc_row][vc_column][vc_column_text] [\/vc_column_text][\/vc_column][\/vc_row][vc_row css=&#8221;.vc_custom_1418727341525{padding-top: 45px !important;padding-bottom: 45px !important;}&#8221;][vc_column][ivan_title align=&#8221;left&#8221; c_id=&#8221;.vc_1435833550456&#8243; title_css=&#8221;color:#aa6a6a;font-size:36px;&#8221; sub=&#8221;Plynul\u00e1 a presn\u00e1 komunik\u00e1cia na mnohojazy\u010dn\u00fdch podujatiach&#8221;]Tlmo\u010denie[\/ivan_title][\/vc_column][\/vc_row][vc_row][vc_column][vc_column_text c_id=&#8221;.vc_1435833605826&#8243;] Ko\u013eko kr\u00e1t sa ti stalo, \u017ee si nemohol komunikova\u0165 s\u00a0niek\u00fdm, lebo ste nepoznali spolo\u010dn\u00fd jazyk? Pom\u00f4c\u0165 ti v\u00a0tak\u00fdchto situ\u00e1ci\u00e1ch je moja pr\u00e1ca. Aby tlmo\u010dn\u00edk pom\u00e1hal \u013eu\u010fom&#8230;<\/p>\n","protected":false},"author":2,"featured_media":0,"parent":0,"menu_order":0,"comment_status":"open","ping_status":"closed","template":"","meta":{"jetpack_post_was_ever_published":false,"footnotes":""},"class_list":["post-3862","page","type-page","status-publish","hentry"],"yoast_head":"<!-- This site is optimized with the Yoast SEO plugin v23.1 - https:\/\/yoast.com\/wordpress\/plugins\/seo\/ -->\n<title>Tlmo\u010denie<\/title>\n<meta name=\"description\" content=\"Tlmo\u010denie. Talian\u010dina, sloven\u010dina, angli\u010dtina, franc\u00faz\u0161tina. Simult\u00e1nne, konzekut\u00edvne, \u0161u\u0161ot\u00e1\u017e, be\u017en\u00e1 konzekut\u00edva\" \/>\n<meta name=\"robots\" content=\"index, follow, max-snippet:-1, max-image-preview:large, max-video-preview:-1\" \/>\n<link rel=\"canonical\" href=\"https:\/\/k-demo.it\/cardetta\/tlmocenie\/\" \/>\n<meta property=\"og:locale\" content=\"it_IT\" \/>\n<meta property=\"og:type\" content=\"article\" \/>\n<meta property=\"og:title\" content=\"Tlmo\u010denie\" \/>\n<meta property=\"og:description\" content=\"Tlmo\u010denie. Talian\u010dina, sloven\u010dina, angli\u010dtina, franc\u00faz\u0161tina. Simult\u00e1nne, konzekut\u00edvne, \u0161u\u0161ot\u00e1\u017e, be\u017en\u00e1 konzekut\u00edva\" \/>\n<meta property=\"og:url\" content=\"https:\/\/k-demo.it\/cardetta\/tlmocenie\/\" \/>\n<meta property=\"og:site_name\" content=\"Emanuela Cardetta\" \/>\n<meta property=\"article:modified_time\" content=\"2021-10-25T10:17:15+00:00\" \/>\n<meta name=\"twitter:card\" content=\"summary_large_image\" \/>\n<meta name=\"twitter:site\" content=\"@EmanuelaParole\" \/>\n<meta name=\"twitter:label1\" content=\"Tempo di lettura stimato\" \/>\n\t<meta name=\"twitter:data1\" content=\"2 minuti\" \/>\n<script type=\"application\/ld+json\" class=\"yoast-schema-graph\">{\"@context\":\"https:\/\/schema.org\",\"@graph\":[{\"@type\":\"WebPage\",\"@id\":\"https:\/\/k-demo.it\/cardetta\/tlmocenie\/\",\"url\":\"https:\/\/k-demo.it\/cardetta\/tlmocenie\/\",\"name\":\"Tlmo\u010denie\",\"isPartOf\":{\"@id\":\"https:\/\/k-demo.it\/cardetta\/#website\"},\"datePublished\":\"2015-01-11T14:22:47+00:00\",\"dateModified\":\"2021-10-25T10:17:15+00:00\",\"description\":\"Tlmo\u010denie. Talian\u010dina, sloven\u010dina, angli\u010dtina, franc\u00faz\u0161tina. Simult\u00e1nne, konzekut\u00edvne, \u0161u\u0161ot\u00e1\u017e, be\u017en\u00e1 konzekut\u00edva\",\"breadcrumb\":{\"@id\":\"https:\/\/k-demo.it\/cardetta\/tlmocenie\/#breadcrumb\"},\"inLanguage\":\"it-IT\",\"potentialAction\":[{\"@type\":\"ReadAction\",\"target\":[\"https:\/\/k-demo.it\/cardetta\/tlmocenie\/\"]}]},{\"@type\":\"BreadcrumbList\",\"@id\":\"https:\/\/k-demo.it\/cardetta\/tlmocenie\/#breadcrumb\",\"itemListElement\":[{\"@type\":\"ListItem\",\"position\":1,\"name\":\"Home\",\"item\":\"https:\/\/k-demo.it\/cardetta\/homepage\/\"},{\"@type\":\"ListItem\",\"position\":2,\"name\":\"Tlmo\u010denie\"}]},{\"@type\":\"WebSite\",\"@id\":\"https:\/\/k-demo.it\/cardetta\/#website\",\"url\":\"https:\/\/k-demo.it\/cardetta\/\",\"name\":\"Emanuela Cardetta\",\"description\":\"Interprete e traduttrice\",\"potentialAction\":[{\"@type\":\"SearchAction\",\"target\":{\"@type\":\"EntryPoint\",\"urlTemplate\":\"https:\/\/k-demo.it\/cardetta\/?s={search_term_string}\"},\"query-input\":\"required name=search_term_string\"}],\"inLanguage\":\"it-IT\"}]}<\/script>\n<!-- \/ Yoast SEO plugin. -->","yoast_head_json":{"title":"Tlmo\u010denie","description":"Tlmo\u010denie. Talian\u010dina, sloven\u010dina, angli\u010dtina, franc\u00faz\u0161tina. Simult\u00e1nne, konzekut\u00edvne, \u0161u\u0161ot\u00e1\u017e, be\u017en\u00e1 konzekut\u00edva","robots":{"index":"index","follow":"follow","max-snippet":"max-snippet:-1","max-image-preview":"max-image-preview:large","max-video-preview":"max-video-preview:-1"},"canonical":"https:\/\/k-demo.it\/cardetta\/tlmocenie\/","og_locale":"it_IT","og_type":"article","og_title":"Tlmo\u010denie","og_description":"Tlmo\u010denie. Talian\u010dina, sloven\u010dina, angli\u010dtina, franc\u00faz\u0161tina. Simult\u00e1nne, konzekut\u00edvne, \u0161u\u0161ot\u00e1\u017e, be\u017en\u00e1 konzekut\u00edva","og_url":"https:\/\/k-demo.it\/cardetta\/tlmocenie\/","og_site_name":"Emanuela Cardetta","article_modified_time":"2021-10-25T10:17:15+00:00","twitter_card":"summary_large_image","twitter_site":"@EmanuelaParole","twitter_misc":{"Tempo di lettura stimato":"2 minuti"},"schema":{"@context":"https:\/\/schema.org","@graph":[{"@type":"WebPage","@id":"https:\/\/k-demo.it\/cardetta\/tlmocenie\/","url":"https:\/\/k-demo.it\/cardetta\/tlmocenie\/","name":"Tlmo\u010denie","isPartOf":{"@id":"https:\/\/k-demo.it\/cardetta\/#website"},"datePublished":"2015-01-11T14:22:47+00:00","dateModified":"2021-10-25T10:17:15+00:00","description":"Tlmo\u010denie. Talian\u010dina, sloven\u010dina, angli\u010dtina, franc\u00faz\u0161tina. Simult\u00e1nne, konzekut\u00edvne, \u0161u\u0161ot\u00e1\u017e, be\u017en\u00e1 konzekut\u00edva","breadcrumb":{"@id":"https:\/\/k-demo.it\/cardetta\/tlmocenie\/#breadcrumb"},"inLanguage":"it-IT","potentialAction":[{"@type":"ReadAction","target":["https:\/\/k-demo.it\/cardetta\/tlmocenie\/"]}]},{"@type":"BreadcrumbList","@id":"https:\/\/k-demo.it\/cardetta\/tlmocenie\/#breadcrumb","itemListElement":[{"@type":"ListItem","position":1,"name":"Home","item":"https:\/\/k-demo.it\/cardetta\/homepage\/"},{"@type":"ListItem","position":2,"name":"Tlmo\u010denie"}]},{"@type":"WebSite","@id":"https:\/\/k-demo.it\/cardetta\/#website","url":"https:\/\/k-demo.it\/cardetta\/","name":"Emanuela Cardetta","description":"Interprete e traduttrice","potentialAction":[{"@type":"SearchAction","target":{"@type":"EntryPoint","urlTemplate":"https:\/\/k-demo.it\/cardetta\/?s={search_term_string}"},"query-input":"required name=search_term_string"}],"inLanguage":"it-IT"}]}},"lang":"sk","translations":{"sk":3862,"it":2962,"en":3381,"fr":3826},"jetpack_shortlink":"https:\/\/wp.me\/P4rV1K-10i","jetpack_sharing_enabled":true,"jetpack-related-posts":[],"pll_sync_post":[],"post_mailing_queue_ids":[],"_links":{"self":[{"href":"https:\/\/k-demo.it\/cardetta\/wp-json\/wp\/v2\/pages\/3862","targetHints":{"allow":["GET"]}}],"collection":[{"href":"https:\/\/k-demo.it\/cardetta\/wp-json\/wp\/v2\/pages"}],"about":[{"href":"https:\/\/k-demo.it\/cardetta\/wp-json\/wp\/v2\/types\/page"}],"author":[{"embeddable":true,"href":"https:\/\/k-demo.it\/cardetta\/wp-json\/wp\/v2\/users\/2"}],"replies":[{"embeddable":true,"href":"https:\/\/k-demo.it\/cardetta\/wp-json\/wp\/v2\/comments?post=3862"}],"version-history":[{"count":22,"href":"https:\/\/k-demo.it\/cardetta\/wp-json\/wp\/v2\/pages\/3862\/revisions"}],"predecessor-version":[{"id":7084,"href":"https:\/\/k-demo.it\/cardetta\/wp-json\/wp\/v2\/pages\/3862\/revisions\/7084"}],"wp:attachment":[{"href":"https:\/\/k-demo.it\/cardetta\/wp-json\/wp\/v2\/media?parent=3862"}],"curies":[{"name":"wp","href":"https:\/\/api.w.org\/{rel}","templated":true}]}}