
{"id":3845,"date":"2015-01-11T14:15:01","date_gmt":"2015-01-11T14:15:01","guid":{"rendered":"http:\/\/www.emanuela-cardetta.com\/?page_id=3845"},"modified":"2021-10-25T10:10:12","modified_gmt":"2021-10-25T10:10:12","slug":"o-mne","status":"publish","type":"page","link":"https:\/\/k-demo.it\/cardetta\/o-mne\/","title":{"rendered":"O mne"},"content":{"rendered":"<p>[vc_row width=&#8221;full&#8221; h=&#8221;580px&#8221; bg_type=&#8221;image&#8221; bg_image_url=&#8221;3004&#8243; bg_repeat=&#8221;repeat&#8221; bg_size=&#8221;auto&#8221; p_top=&#8221;40px&#8221;][vc_column width=&#8221;1\/2&#8243; css=&#8221;.vc_custom_1418642568067{padding-top: 100px !important;}&#8221;][ivan_staff align=&#8221;to-default&#8221; c_id=&#8221;.vc_1429106606922&#8243; title_css=&#8221;color:#aa6a6a;font-size:36px;&#8221; social_css=&#8221;width:30px;height:30px;&#8221; twitter=&#8221;https:\/\/twitter.com\/EmanuelaParole&#8221; linkedin=&#8221;https:\/\/it.linkedin.com\/pub\/emanuela-cardetta\/2a\/5a5\/a20&#8243; skype=&#8221;Emanuela.Cardetta&#8221; name=&#8221;Emanuela Cardetta&#8221;]<span style=\"color: #000000;\">Som tlmo\u010dn\u00ed\u010dkou a prekladate\u013ekou talian\u010diny, <\/span><\/p>\n<p><span style=\"color: #000000;\">angli\u010dtiny, franc\u00faz\u0161tiny a sloven\u010diny.<\/span><\/p>\n<p style=\"text-align: left;\"><span style=\"color: #000000;\"><strong>Mojou pr\u00e1cou je pom\u00e1ha\u0165 v komunik\u00e1cii<\/strong> \u013eu\u010fom,<\/span><br \/>\n<span style=\"color: #000000;\">ktor\u00ed nepoznaj\u00fa spolo\u010dn\u00fd jazyk.<\/span><\/p>\n<p style=\"text-align: left;\"><span style=\"color: #000000;\">Absolvovala som \u0161t\u00fadium konferen\u010dn\u00e9ho tlmo\u010denia a<br \/>\n<span style=\"color: #000000;\"> pracujem ako tlmo\u010dn\u00ed\u010dka a prekladate\u013eka od roku 2009.<\/span><\/span><\/p>\n<p>[\/ivan_staff][\/vc_column][vc_column width=&#8221;1\/2&#8243;][vc_single_image image=&#8221;3525&#8243; img_size=&#8221;full&#8221; alignment=&#8221;center&#8221;][\/vc_column][\/vc_row][vc_row css=&#8221;.vc_custom_1418761650386{padding-top: 45px !important;}&#8221;][vc_column width=&#8221;1\/6&#8243;][\/vc_column][vc_column width=&#8221;2\/3&#8243;][vc_column_text c_id=&#8221;.vc_1481104429904&#8243;]<\/p>\n<p style=\"text-align: justify;\">Talian\u010dina je mojim materinsk\u00fdm jazykom. Angli\u010dtinu, franc\u00faz\u0161tinu a sloven\u010dinu som sa nau\u010dila v \u0161kole, ako aj po\u010das dlh\u00fdch pobytov v Anglicku, vo franc\u00fazskom \u0160vaj\u010diarsku a na Slovensku.<\/p>\n<p style=\"text-align: justify;\">Moj\u00edm pracovn\u00fdm n\u00e1strojom je znalos\u0165 jazykov, prec\u00edzne pochopenie a citlivos\u0165 pre slovn\u00e9 nuansy a perfektn\u00e9 ovl\u00e1danie tlmo\u010dn\u00edckych techn\u00edk a prekladate\u013esk\u00fdch pom\u00f4cok.<\/p>\n<p style=\"text-align: justify;\">Poskytova\u0165 \u013eu\u010fom moje jazykov\u00e9\u00a0znalosti \u00a0a m\u00f4j hlas,\u00a0je pre m\u0148a d\u00f4le\u017eitou \u00falohou a ve\u013ekou zodpovednos\u0165ou, ktor\u00fa v\u017edy rob\u00edm citlivo a s cie\u013eom dosiahnu\u0165 excelentn\u00e9 v\u00fdsledky.<\/p>\n<p>[\/vc_column_text][\/vc_column][vc_column width=&#8221;1\/6&#8243;][\/vc_column][\/vc_row][vc_row][vc_column][vc_separator type=&#8221;normal&#8221; position=&#8221;center&#8221;][\/vc_column][\/vc_row][vc_row css=&#8221;.vc_custom_1418643265433{padding-top: 45px !important;padding-bottom: 45px !important;}&#8221;][vc_column][ivan_title c_id=&#8221;.vc_1481104707679&#8243; title_css=&#8221;font-size:36px;&#8221;]<\/p>\n<p>Sk\u00fasenosti a znalosti<\/p>\n<p>[\/ivan_title][vc_empty_space][vc_tour][vc_tab title=&#8221;Vzdelanie&#8221; tab_id=&#8221;1418643291-1-7&#8243;][vc_column_text c_id=&#8221;.vc_1468313605861&#8243;]<i class=\"fa fa-check\"><\/i> <strong>Bakal\u00e1rske \u0161t\u00fadium aplikovanej medzijazykovej komunik\u00e1cie<\/strong> na Vysokej \u0161kole modern\u00fdch jazykov pre tlmo\u010dn\u00edkov a prekladate\u013eov vo Forli na Bolonskej Univerzite (2010)<br \/>\n<i class=\"fa fa-check\"><\/i> <strong>Magistersk\u00e9 \u0161t\u00fadium konferen\u010dn\u00e9ho tlmo\u010denia<\/strong> na Vysokej \u0161kole modern\u00fdch jazykov pre tlmo\u010dn\u00edkov a prekladate\u013eov vo Forli na Bolonskej Univerzite (2008)<br \/>\n<i class=\"fa fa-check\"><\/i> Dummy booth\u201d (simult\u00e1nne tlmo\u010denie s vypnut\u00fdm mikrof\u00f3nom s\u00a0tlmo\u010dn\u00edkmi, ktor\u00ed pracuj\u00fa pre EU), DG SCIC, Eur\u00f3pska komisia, Brusel (2014)<br \/>\n<i class=\"fa fa-check\"><\/i> Letn\u00fd kurz slovensk\u00e9ho jazyka na SASe (Studia Academica Slovaca, Filozofick\u00e1 fakulta Univerzity Komensk\u00e9ho v\u00a0Bratislave, 3 t\u00fd\u017edne (2010)<br \/>\n<i class=\"fa fa-check\"><\/i> Projekt Socrates Erasmus na Univerzite Walesu v Swansea (Spojen\u00e9 Kr\u00e1\u013eovstvo), 9 mesiacov (2008)[\/vc_column_text][\/vc_tab][vc_tab title=&#8221;Celo\u017eivotn\u00e9 vzdel\u00e1vanie&#8221; tab_id=&#8221;1468313502793-4-3&#8243;][vc_column_text c_id=&#8221;.vc_1468313965416&#8243;]<i class=\"fa fa-check\"><\/i> Tlmo\u010dn\u00edcky semin\u00e1r WISE (2016)<br \/>\n<i class=\"fa fa-check\"><\/i> Prekladate\u013esk\u00fd semin\u00e1r &#8220;Liscio o macchiato? Dal caff\u00e8 verde ai metodi a filtro&#8221;, AITI (2016)<br \/>\n<i class=\"fa fa-check\"><\/i> Master of food &#8220;Il cioccolato: i single origin&#8221;, Slow Food (2016)<br \/>\n<i class=\"fa fa-check\"><\/i> Prekladate\u013esk\u00fd semin\u00e1r &#8220;Ricaduta o recidiva? Trabocchetti della terminologia medica&#8221;, AITI (2016)<br \/>\n<i class=\"fa fa-check\"><\/i> Prekladate\u013esk\u00fd semin\u00e1r &#8220;Qualit\u00e0 e revisione nella traduzione specializzata&#8221;, AITI (2016)<br \/>\n<i class=\"fa fa-check\"><\/i> Semin\u00e1r &#8220;Fare impresa costruendo reti&#8221;, Imprender\u00f2 (2016)<br \/>\n<i class=\"fa fa-check\"><\/i> MOOC &#8220;Understanding Europe: why it matters and what it can offer you&#8221;, HEC Paris, Coursera (2014)<br \/>\n<i class=\"fa fa-check\"><\/i> Prekladate\u013esk\u00fd semin\u00e1r &#8220;Il vademecum del traduttore&#8221;, AITI (2014)<br \/>\n<i class=\"fa fa-check\"><\/i> Prekladate\u013esk\u00fd semin\u00e1r &#8220;Panoramica sui CAT Tools e sui software utili al traduttore&#8221;, AITI (2014)<br \/>\n<i class=\"fa fa-check\"><\/i> Kurz nem\u010diny pre z\u00e1\u010diato\u010dn\u00edkov (2013-2014)<br \/>\n<i class=\"fa fa-check\"><\/i> Postgradu\u00e1lny kurz \u201cInterkultur\u00e1lne vzdel\u00e1vanie a podpora kult\u00farnej rozmanitosti\u201d (2011)<br \/>\n<i class=\"fa fa-check\"><\/i> Medzin\u00e1rodn\u00fd semin\u00e1r o interkultur\u00e1lnom vzdel\u00e1van\u00ed \u201cIntercultural Learning in International exchange\u201d, Ml\u00e1de\u017e v akcii (2009)[\/vc_column_text][\/vc_tab][vc_tab title=&#8221;Certifik\u00e1ty a \u010dlenstvo v zdru\u017eeniach&#8221; tab_id=&#8221;1418643291-2-15&#8243;][vc_column_text c_id=&#8221;.vc_1429108643039&#8243;]<i class=\"fa fa-check\"><\/i> Certifik\u00e1t slovensk\u00e9ho jazyka, \u00farove\u0148 C1<br \/>\n<i class=\"fa fa-check\"><\/i> Tlmo\u010dn\u00ed\u010dka registrovan\u00e1 na Obchodnej Komore v Udine<br \/>\n<i class=\"fa fa-check\"><\/i> Tlmo\u010dn\u00edcka registrovan\u00e1 na Sude v Udine<br \/>\n<i class=\"fa fa-check\"><\/i> \u010clen asoci\u00e1cie AITI (Talianska asoci\u00e1cia prekladate\u013eov a tlmo\u010dn\u00edkov)<br \/>\n<i class=\"fa fa-check\"><\/i> \u010clen asoci\u00e1cie ONAV (Talianska organiz\u00e1cia degust\u00e1torov v\u00edna)[\/vc_column_text][\/vc_tab][vc_tab title=&#8221;Pracovn\u00e9 oblasti&#8221; tab_id=&#8221;1418912587372-3-1&#8243;][vc_column_text c_id=&#8221;.vc_1429109261865&#8243;]Pracovn\u00e9 oblasti, v ktor\u00fdch som \u00faspe\u0161ne tlmo\u010dila a prekladala:<\/p>\n<div style=\"display: inline; width: 50%; float: left;\"><i class=\"fa fa-check\"><\/i> \u013eudsk\u00e9 pr\u00e1va<br \/>\n<i class=\"fa fa-check\"><\/i> pracovn\u00e9 pr\u00e1vo<br \/>\n<i class=\"fa fa-check\"><\/i> medzin\u00e1rodn\u00e1 politika a medzin\u00e1rodn\u00e9 pr\u00e1vo<br \/>\n<i class=\"fa fa-check\"><\/i> medzin\u00e1rodn\u00e1 politika<br \/>\n<i class=\"fa fa-check\"><\/i> ekon\u00f3mia<br \/>\n<i class=\"fa fa-check\"><\/i> imigra\u010dn\u00e9 pr\u00e1vo<br \/>\n<i class=\"fa fa-check\"><\/i> rodov\u00e9 \u0161t\u00fadie<br \/>\n<i class=\"fa fa-check\"><\/i> vzdelanie a celo\u017eivotn\u00e9 vzdel\u00e1vanie<br \/>\n<i class=\"fa fa-check\"><\/i> \u0161port<br \/>\n<i class=\"fa fa-check\"><\/i> divadlo<br \/>\n<i class=\"fa fa-check\"><\/i> energetick\u00e1 efekt\u00edvnos\u0165<br \/>\n<i class=\"fa fa-check\"><\/i> inform\u00e1cie a masm\u00e9di\u00e1<br \/>\n<i class=\"fa fa-check\"><\/i> n\u00e1bytok<br \/>\n<i class=\"fa fa-check\"><\/i> dizajn<\/div>\n<div style=\"display: inline; width: 50%; float: left;\"><i class=\"fa fa-check\"><\/i> m\u00f3da<br \/>\n<i class=\"fa fa-check\"><\/i> stavebn\u00edctvo<br \/>\n<i class=\"fa fa-check\"><\/i> po\u013enohospod\u00e1rske stroje<br \/>\n<i class=\"fa fa-check\"><\/i> trvalo udr\u017eate\u013en\u00fd rozvoj<br \/>\n<i class=\"fa fa-check\"><\/i> cestovn\u00fd ruch<br \/>\n<i class=\"fa fa-check\"><\/i> v\u00edno<br \/>\n<i class=\"fa fa-check\"><\/i> koktail<br \/>\n<i class=\"fa fa-check\"><\/i> oceliarstvo<br \/>\n<i class=\"fa fa-check\"><\/i> hodin\u00e1rstvo<br \/>\n<i class=\"fa fa-check\"><\/i> osvetlenie<br \/>\n<i class=\"fa fa-check\"><\/i> optika<br \/>\n<i class=\"fa fa-check\"><\/i> klenotn\u00edctvo<br \/>\n<i class=\"fa fa-check\"><\/i> in\u017einierstvo lod\u00ed<\/div>\n<p>[\/vc_column_text][\/vc_tab][vc_tab title=&#8221;\u010eal\u0161ie pracovn\u00e9 sk\u00fasenosti&#8221; tab_id=&#8221;1419258832431-4-8&#8243;][vc_column_text c_id=&#8221;.vc_1429109481078&#8243;]<i class=\"fa fa-check\"><\/i> Zamestnan\u00e1 v asoci\u00e1cii v\u00ednnej turistiky &#8211; 2 roky<br \/>\n<i class=\"fa fa-check\"><\/i> Lektorka talianskeho jazyka na Fakulte humanitn\u00fdch vied Univerzity Mateja Bela v Banskej Bystrici \u2013 1 semester<br \/>\n<i class=\"fa fa-check\"><\/i> Dobrovo\u013en\u00ed\u010dka Eur\u00f3pskej dobrovo\u013en\u00edckej slu\u017eby v\u00a0Centre vo\u013en\u00e9ho \u010dasu &#8211; JUNIOR v Banskej Bystrici &#8211; 10 mesiacov<br \/>\n<i class=\"fa fa-check\"><\/i> U\u010dite\u013eka talian\u010diny, angli\u010dtiny, franc\u00faz\u0161tiny a sloven\u010diny<br \/>\n<i class=\"fa fa-check\"><\/i> Au-pair vo \u0160vaj\u010diarsku (franc\u00fazska \u010das\u0165)[\/vc_column_text][\/vc_tab][\/vc_tour][\/vc_column][\/vc_row][vc_row width=&#8221;full&#8221; bg_color_row=&#8221;#ffffff&#8221;][vc_column font_color=&#8221;#aa6a6a&#8221;][vc_column_text c_id=&#8221;.vc_1429182300556&#8243; css=&#8221;.vc_custom_1429182300553{background-color: #ffffff !important;}&#8221;]<\/p>\n<h5 style=\"text-align: right;\">Ak potrebuje\u0161 m\u00f4j \u017eivotopis, za\u0161lem na po\u017eiadanie<\/h5>\n<p>[\/vc_column_text][\/vc_column][\/vc_row][vc_row width=&#8221;full&#8221; bg_color_row=&#8221;#aa6a6a&#8221; css=&#8221;.vc_custom_1420750573424{padding-top: 45px !important;padding-bottom: 45px !important;}&#8221;][vc_column][vc_column_text c_id=&#8221;.vc_1429182563214&#8243;]<\/p>\n<h2 style=\"text-align: center;\"><span style=\"color: #ffffff;\">Moje oblasti<\/span><\/h2>\n<p>[\/vc_column_text][\/vc_column][\/vc_row][vc_row][vc_column width=&#8221;1\/3&#8243;][vc_single_image image=&#8221;5107&#8243; img_size=&#8221;ivan_project_wide&#8221; alignment=&#8221;center&#8221; style=&#8221;vc_box_rounded&#8221;][ivan_title c_id=&#8221;.vc_1429109545056&#8243;]<\/p>\n<p>V\u00edno<\/p>\n<p>[\/ivan_title][vc_column_text c_id=&#8221;.vc_1429109536016&#8243;]<\/p>\n<p style=\"text-align: justify;\">U<span lang=\"sk-SK\">\u017e<\/span> nieko<span lang=\"sk-SK\">\u013e<\/span>ko rokov sa <span lang=\"sk-SK\">zauj\u00edmam<\/span> o vin\u00e1rstvo. Pracovala som v <span lang=\"sk-SK\">asoci\u00e1cii,<\/span> ktor<span lang=\"sk-SK\">\u00e1<\/span> sa zaober\u00e1 v\u00ednnou turistikou. Od tohto momentu, v<span lang=\"sk-SK\">\u00ed<\/span>no a <span lang=\"sk-SK\">enol\u00f3gia<\/span> sa stali mojou <span lang=\"sk-SK\">ve\u013ekou<\/span> <span lang=\"sk-SK\">v\u00e1\u0161\u0148ou<\/span>. Preto som sa rozhodla <span lang=\"sk-SK\">zap\u00edsa\u0165<\/span> sa do kurzu <span lang=\"sk-SK\">degust\u00e1cie<\/span> <span lang=\"sk-SK\">v\u00edna<\/span>, aby som lepsie spoznala tento <span lang=\"sk-SK\">fascinuj\u00faci<\/span> svet. V roku 2014 som absolvovala a z\u00edskala <strong>diplom <span lang=\"sk-SK\">degust\u00e1tora<\/span> <span lang=\"sk-SK\">v\u00edna<\/span><\/strong> v <span lang=\"sk-SK\">asoci\u00e1cii<\/span> ONAV (Talianska organiz<span lang=\"sk-SK\">\u00e1<\/span>cia <span lang=\"sk-SK\">degust\u00e1torov<\/span> <span lang=\"sk-SK\">v\u00edna<\/span>).<\/p>\n<p>[\/vc_column_text][\/vc_column][vc_column width=&#8221;1\/3&#8243;][vc_single_image image=&#8221;3205&#8243; img_size=&#8221;ivan_project_wide&#8221; alignment=&#8221;center&#8221; style=&#8221;vc_box_rounded&#8221;][ivan_title c_id=&#8221;.vc_1429109614915&#8243;]<\/p>\n<p>Cestovn\u00fd ruch<\/p>\n<p>[\/ivan_title][vc_column_text c_id=&#8221;.vc_1429109579149&#8243;]<\/p>\n<p style=\"text-align: justify;\">Cestovn\u00fd ruch je jeden z <span lang=\"sk-SK\">mojich<\/span> \u010fal\u0161\u00edch z\u00e1ujmov. Bol tie\u017e mojou <span lang=\"sk-SK\">pr\u00e1cou<\/span> <span lang=\"sk-SK\">ke\u010f <strong>som<\/strong><\/span><strong> pracovala v <span lang=\"sk-SK\">asoci\u00e1cii<\/span> v\u00ednnej turistiky<\/strong>. \u010casto preklad\u00e1m <span lang=\"sk-SK\">bro\u017e\u00farky <\/span>a webov\u00e9 str\u00e1nky <span lang=\"sk-SK\">venovan\u00e9 cestovn\u00e9mu ruchu<\/span>. Tento druh prekladov m<span lang=\"sk-SK\">\u00e1<\/span> <span lang=\"sk-SK\">\u0161<\/span>pecifick<span lang=\"sk-SK\">\u00e9<\/span> vlastn<span lang=\"sk-SK\">o<\/span>sti <span lang=\"sk-SK\">s\u00favisiace so<\/span> <span lang=\"sk-SK\">\u0161<\/span>t\u00fdl<span lang=\"sk-SK\">om<\/span> a znalos\u0165ou jazyka pou\u017e\u00edvan\u00e9ho v <span lang=\"sk-SK\">t<\/span>ejto oblasti.<\/p>\n<p>[\/vc_column_text][\/vc_column][vc_column width=&#8221;1\/3&#8243;][vc_single_image image=&#8221;3209&#8243; img_size=&#8221;ivan_project_wide&#8221; alignment=&#8221;center&#8221; style=&#8221;vc_box_rounded&#8221;][ivan_title c_id=&#8221;.vc_1429109665752&#8243;]<\/p>\n<p>Imigr\u00e1cia<\/p>\n<p>[\/ivan_title][vc_column_text c_id=&#8221;.vc_1429109652339&#8243;]<\/p>\n<p style=\"text-align: justify;\"><span lang=\"sk-SK\">U\u010dila<\/span> som sa o imigr<span lang=\"sk-SK\">\u00e1<\/span>cii <span lang=\"sk-SK\">v\u010faka<\/span> <span lang=\"sk-SK\">r\u00f4znym<\/span> <span lang=\"sk-SK\">tlmo\u010dn\u00edckym<\/span> <span lang=\"sk-SK\">slu\u017eb\u00e1m<\/span>, ktor<span lang=\"sk-SK\">\u00e9<\/span> som poskytovala v <span lang=\"sk-SK\">posledn\u00fdch<\/span> rokoch, najm<span lang=\"sk-SK\">\u00e4<\/span> s\u00favisiac<span lang=\"sk-SK\">ich<\/span> s <span lang=\"sk-SK\">imigra\u010dn\u00fdm<\/span> <span lang=\"sk-SK\">pr\u00e1vom<\/span> a <span lang=\"sk-SK\">sociol\u00f3giou<\/span>. Aby som <span lang=\"sk-SK\">lep\u0161ie<\/span> zvl\u00e1dla <span lang=\"sk-SK\">t\u00fato <\/span>temu, absolvovala som <strong><span lang=\"sk-SK\">r\u00f4zne<\/span> kurzy<\/strong> o <span lang=\"sk-SK\">imigra\u010dnom<\/span> <span lang=\"sk-SK\">pr\u00e1ve<\/span> a multikulturalisme. V\u00a0<span lang=\"sk-SK\">praxi som sa venovala tejto t\u00e9me<\/span>, ako <strong><span lang=\"sk-SK\">dobrovo\u013en\u00e1<\/span> <span lang=\"sk-SK\">u\u010dite\u013eka<\/span> talianskeho jazyka pre imigrantov<\/strong>.<\/p>\n<p>[\/vc_column_text][\/vc_column][\/vc_row][vc_row width=&#8221;full&#8221; bg_type=&#8221;image&#8221; bg_color_row=&#8221;#f2f2f2&#8243; bg_image_url=&#8221;3004&#8243; bg_repeat=&#8221;repeat&#8221; bg_size=&#8221;auto&#8221; css=&#8221;.vc_custom_1418759670695{padding-top: 30px !important;padding-bottom: 20px !important;}&#8221;][vc_column][vc_row_inner][vc_column_inner][ivan_title align=&#8221;left&#8221; c_id=&#8221;.vc_1429181563802&#8243; title_css=&#8221;color:#aa6a6a;&#8221;]<\/p>\n<p>Tu ma n\u00e1jde\u0161<\/p>\n<p>[\/ivan_title][\/vc_column_inner][\/vc_row_inner][ivan_contact c_id=&#8221;.vc_1635156596137&#8243;]\n<div class=\"wpcf7 no-js\" id=\"wpcf7-f7075-o1\" lang=\"it-IT\" dir=\"ltr\">\n<div class=\"screen-reader-response\"><p role=\"status\" aria-live=\"polite\" aria-atomic=\"true\"><\/p> <ul><\/ul><\/div>\n<form action=\"\/cardetta\/wp-json\/wp\/v2\/pages\/3845#wpcf7-f7075-o1\" method=\"post\" class=\"wpcf7-form init\" aria-label=\"Modulo di contatto\" novalidate=\"novalidate\" data-status=\"init\">\n<div style=\"display: none;\">\n<input type=\"hidden\" name=\"_wpcf7\" value=\"7075\" \/>\n<input type=\"hidden\" name=\"_wpcf7_version\" value=\"5.9.7\" \/>\n<input type=\"hidden\" name=\"_wpcf7_locale\" value=\"it_IT\" \/>\n<input type=\"hidden\" name=\"_wpcf7_unit_tag\" value=\"wpcf7-f7075-o1\" \/>\n<input type=\"hidden\" name=\"_wpcf7_container_post\" value=\"0\" \/>\n<input type=\"hidden\" name=\"_wpcf7_posted_data_hash\" value=\"\" \/>\n<\/div>\n<div class=\"row\">\n\t<div class=\"field-wrap col-md-6 col-sm-12\">\n\t\t<p><span class=\"wpcf7-form-control-wrap\" data-name=\"name-upload\"><input size=\"40\" maxlength=\"400\" class=\"wpcf7-form-control wpcf7-text wpcf7-validates-as-required\" aria-required=\"true\" aria-invalid=\"false\" placeholder=\"Meno *\" value=\"\" type=\"text\" name=\"name-upload\" \/><\/span>\n\t\t<\/p>\n\t<\/div>\n\t<div class=\"field-wrap col-md-6 col-sm-12\">\n\t\t<p><span class=\"wpcf7-form-control-wrap\" data-name=\"email\"><input size=\"40\" maxlength=\"400\" class=\"wpcf7-form-control wpcf7-email wpcf7-validates-as-required wpcf7-text wpcf7-validates-as-email\" aria-required=\"true\" aria-invalid=\"false\" placeholder=\"Email *\" value=\"\" type=\"email\" name=\"email\" \/><\/span>\n\t\t<\/p>\n\t<\/div>\n\t<div class=\"field-wrap col-md-6 col-sm-12\">\n\t\t<p><span class=\"wpcf7-form-control-wrap\" data-name=\"tel\"><input size=\"40\" maxlength=\"400\" class=\"wpcf7-form-control wpcf7-tel wpcf7-text wpcf7-validates-as-tel\" aria-invalid=\"false\" placeholder=\"Telef\u00f3nne \u010dislo\" value=\"\" type=\"tel\" name=\"tel\" \/><\/span>\n\t\t<\/p>\n\t<\/div>\n\t<div class=\"field-wrap col-md-6 col-sm-12\">\n\t\t<p><span class=\"wpcf7-form-control-wrap\" data-name=\"oggetto\"><input size=\"40\" maxlength=\"140\" class=\"wpcf7-form-control wpcf7-text\" aria-invalid=\"false\" placeholder=\"Spr\u00e1va\" value=\"\" type=\"text\" name=\"oggetto\" \/><\/span>\n\t\t<\/p>\n\t<\/div>\n\t<div class=\"field-wrap col-xs-12 col-sm-12 col-md-4\">\n\t\t<p><span class=\"wpcf7-form-control-wrap\" data-name=\"privacy\"><span class=\"wpcf7-form-control wpcf7-acceptance\"><span class=\"wpcf7-list-item\"><label><input type=\"checkbox\" name=\"privacy\" value=\"1\" aria-invalid=\"false\" \/><span class=\"wpcf7-list-item-label\"><strong>S\u00fahlasim s podmienkami <a href=\"http:\/\/www.emanuela-cardetta.com\/privacy-policy-sk\/\">ochrany osobn\u00fdch \u00fadajov<\/a>.<\/strong>*<\/span><\/label><\/span><\/span><\/span>\n\t\t<\/p>\n\t<\/div>\n\t<div class=\"field-wrap col-xs-12 col-sm-12 col-md-2\">\n\t\t<p><input class=\"wpcf7-form-control wpcf7-submit has-spinner\" type=\"submit\" value=\"Invia\" \/>\n\t\t<\/p>\n\t<\/div>\n<\/div><div class=\"wpcf7-response-output\" aria-hidden=\"true\"><\/div>\n<\/form>\n<\/div>\n[\/ivan_contact][\/vc_column][\/vc_row]<\/p>\n","protected":false},"excerpt":{"rendered":"<p>[vc_row width=&#8221;full&#8221; h=&#8221;580px&#8221; bg_type=&#8221;image&#8221; bg_image_url=&#8221;3004&#8243; bg_repeat=&#8221;repeat&#8221; bg_size=&#8221;auto&#8221; p_top=&#8221;40px&#8221;][vc_column width=&#8221;1\/2&#8243; css=&#8221;.vc_custom_1418642568067{padding-top: 100px !important;}&#8221;][ivan_staff align=&#8221;to-default&#8221; c_id=&#8221;.vc_1429106606922&#8243; title_css=&#8221;color:#aa6a6a;font-size:36px;&#8221; social_css=&#8221;width:30px;height:30px;&#8221; twitter=&#8221;https:\/\/twitter.com\/EmanuelaParole&#8221; linkedin=&#8221;https:\/\/it.linkedin.com\/pub\/emanuela-cardetta\/2a\/5a5\/a20&#8243; skype=&#8221;Emanuela.Cardetta&#8221; name=&#8221;Emanuela Cardetta&#8221;]Som tlmo\u010dn\u00ed\u010dkou a prekladate\u013ekou talian\u010diny, angli\u010dtiny, franc\u00faz\u0161tiny a sloven\u010diny. Mojou pr\u00e1cou je pom\u00e1ha\u0165 v komunik\u00e1cii \u013eu\u010fom, ktor\u00ed nepoznaj\u00fa spolo\u010dn\u00fd jazyk. Absolvovala som \u0161t\u00fadium konferen\u010dn\u00e9ho tlmo\u010denia&#8230;<\/p>\n","protected":false},"author":2,"featured_media":0,"parent":0,"menu_order":0,"comment_status":"open","ping_status":"closed","template":"","meta":{"jetpack_post_was_ever_published":false,"footnotes":""},"class_list":["post-3845","page","type-page","status-publish","hentry"],"yoast_head":"<!-- This site is optimized with the Yoast SEO plugin v23.1 - https:\/\/yoast.com\/wordpress\/plugins\/seo\/ -->\n<title>Tlmo\u010dn\u00ed\u010dka prekladate\u013eka talian\u010diny<\/title>\n<meta name=\"description\" content=\"Tlmo\u010dn\u00ed\u010dka prekladate\u013eka talian\u010diny, angli\u010dtiny, franc\u00faz\u0161tiny a sloven\u010diny - Udine, Taliansko\" \/>\n<meta name=\"robots\" content=\"index, follow, max-snippet:-1, max-image-preview:large, max-video-preview:-1\" \/>\n<link rel=\"canonical\" href=\"https:\/\/k-demo.it\/cardetta\/o-mne\/\" \/>\n<meta property=\"og:locale\" content=\"it_IT\" \/>\n<meta property=\"og:type\" content=\"article\" \/>\n<meta property=\"og:title\" content=\"Tlmo\u010dn\u00ed\u010dka prekladate\u013eka talian\u010diny\" \/>\n<meta property=\"og:description\" content=\"Tlmo\u010dn\u00ed\u010dka prekladate\u013eka talian\u010diny, angli\u010dtiny, franc\u00faz\u0161tiny a sloven\u010diny - Udine, Taliansko\" \/>\n<meta property=\"og:url\" content=\"https:\/\/k-demo.it\/cardetta\/o-mne\/\" \/>\n<meta property=\"og:site_name\" content=\"Emanuela Cardetta\" \/>\n<meta property=\"article:modified_time\" content=\"2021-10-25T10:10:12+00:00\" \/>\n<meta name=\"twitter:card\" content=\"summary_large_image\" \/>\n<meta name=\"twitter:site\" content=\"@EmanuelaParole\" \/>\n<meta name=\"twitter:label1\" content=\"Tempo di lettura stimato\" \/>\n\t<meta name=\"twitter:data1\" content=\"7 minuti\" \/>\n<script type=\"application\/ld+json\" class=\"yoast-schema-graph\">{\"@context\":\"https:\/\/schema.org\",\"@graph\":[{\"@type\":\"WebPage\",\"@id\":\"https:\/\/k-demo.it\/cardetta\/o-mne\/\",\"url\":\"https:\/\/k-demo.it\/cardetta\/o-mne\/\",\"name\":\"Tlmo\u010dn\u00ed\u010dka prekladate\u013eka talian\u010diny\",\"isPartOf\":{\"@id\":\"https:\/\/k-demo.it\/cardetta\/#website\"},\"datePublished\":\"2015-01-11T14:15:01+00:00\",\"dateModified\":\"2021-10-25T10:10:12+00:00\",\"description\":\"Tlmo\u010dn\u00ed\u010dka prekladate\u013eka talian\u010diny, angli\u010dtiny, franc\u00faz\u0161tiny a sloven\u010diny - Udine, Taliansko\",\"breadcrumb\":{\"@id\":\"https:\/\/k-demo.it\/cardetta\/o-mne\/#breadcrumb\"},\"inLanguage\":\"it-IT\",\"potentialAction\":[{\"@type\":\"ReadAction\",\"target\":[\"https:\/\/k-demo.it\/cardetta\/o-mne\/\"]}]},{\"@type\":\"BreadcrumbList\",\"@id\":\"https:\/\/k-demo.it\/cardetta\/o-mne\/#breadcrumb\",\"itemListElement\":[{\"@type\":\"ListItem\",\"position\":1,\"name\":\"Home\",\"item\":\"https:\/\/k-demo.it\/cardetta\/homepage\/\"},{\"@type\":\"ListItem\",\"position\":2,\"name\":\"O mne\"}]},{\"@type\":\"WebSite\",\"@id\":\"https:\/\/k-demo.it\/cardetta\/#website\",\"url\":\"https:\/\/k-demo.it\/cardetta\/\",\"name\":\"Emanuela Cardetta\",\"description\":\"Interprete e traduttrice\",\"potentialAction\":[{\"@type\":\"SearchAction\",\"target\":{\"@type\":\"EntryPoint\",\"urlTemplate\":\"https:\/\/k-demo.it\/cardetta\/?s={search_term_string}\"},\"query-input\":\"required name=search_term_string\"}],\"inLanguage\":\"it-IT\"}]}<\/script>\n<!-- \/ Yoast SEO plugin. -->","yoast_head_json":{"title":"Tlmo\u010dn\u00ed\u010dka prekladate\u013eka talian\u010diny","description":"Tlmo\u010dn\u00ed\u010dka prekladate\u013eka talian\u010diny, angli\u010dtiny, franc\u00faz\u0161tiny a sloven\u010diny - Udine, Taliansko","robots":{"index":"index","follow":"follow","max-snippet":"max-snippet:-1","max-image-preview":"max-image-preview:large","max-video-preview":"max-video-preview:-1"},"canonical":"https:\/\/k-demo.it\/cardetta\/o-mne\/","og_locale":"it_IT","og_type":"article","og_title":"Tlmo\u010dn\u00ed\u010dka prekladate\u013eka talian\u010diny","og_description":"Tlmo\u010dn\u00ed\u010dka prekladate\u013eka talian\u010diny, angli\u010dtiny, franc\u00faz\u0161tiny a sloven\u010diny - Udine, Taliansko","og_url":"https:\/\/k-demo.it\/cardetta\/o-mne\/","og_site_name":"Emanuela Cardetta","article_modified_time":"2021-10-25T10:10:12+00:00","twitter_card":"summary_large_image","twitter_site":"@EmanuelaParole","twitter_misc":{"Tempo di lettura stimato":"7 minuti"},"schema":{"@context":"https:\/\/schema.org","@graph":[{"@type":"WebPage","@id":"https:\/\/k-demo.it\/cardetta\/o-mne\/","url":"https:\/\/k-demo.it\/cardetta\/o-mne\/","name":"Tlmo\u010dn\u00ed\u010dka prekladate\u013eka talian\u010diny","isPartOf":{"@id":"https:\/\/k-demo.it\/cardetta\/#website"},"datePublished":"2015-01-11T14:15:01+00:00","dateModified":"2021-10-25T10:10:12+00:00","description":"Tlmo\u010dn\u00ed\u010dka prekladate\u013eka talian\u010diny, angli\u010dtiny, franc\u00faz\u0161tiny a sloven\u010diny - Udine, Taliansko","breadcrumb":{"@id":"https:\/\/k-demo.it\/cardetta\/o-mne\/#breadcrumb"},"inLanguage":"it-IT","potentialAction":[{"@type":"ReadAction","target":["https:\/\/k-demo.it\/cardetta\/o-mne\/"]}]},{"@type":"BreadcrumbList","@id":"https:\/\/k-demo.it\/cardetta\/o-mne\/#breadcrumb","itemListElement":[{"@type":"ListItem","position":1,"name":"Home","item":"https:\/\/k-demo.it\/cardetta\/homepage\/"},{"@type":"ListItem","position":2,"name":"O mne"}]},{"@type":"WebSite","@id":"https:\/\/k-demo.it\/cardetta\/#website","url":"https:\/\/k-demo.it\/cardetta\/","name":"Emanuela Cardetta","description":"Interprete e traduttrice","potentialAction":[{"@type":"SearchAction","target":{"@type":"EntryPoint","urlTemplate":"https:\/\/k-demo.it\/cardetta\/?s={search_term_string}"},"query-input":"required name=search_term_string"}],"inLanguage":"it-IT"}]}},"lang":"sk","translations":{"sk":3845,"it":5620,"en":3706,"fr":3809},"jetpack_shortlink":"https:\/\/wp.me\/P4rV1K-101","jetpack_sharing_enabled":true,"jetpack-related-posts":[],"pll_sync_post":[],"post_mailing_queue_ids":[],"_links":{"self":[{"href":"https:\/\/k-demo.it\/cardetta\/wp-json\/wp\/v2\/pages\/3845","targetHints":{"allow":["GET"]}}],"collection":[{"href":"https:\/\/k-demo.it\/cardetta\/wp-json\/wp\/v2\/pages"}],"about":[{"href":"https:\/\/k-demo.it\/cardetta\/wp-json\/wp\/v2\/types\/page"}],"author":[{"embeddable":true,"href":"https:\/\/k-demo.it\/cardetta\/wp-json\/wp\/v2\/users\/2"}],"replies":[{"embeddable":true,"href":"https:\/\/k-demo.it\/cardetta\/wp-json\/wp\/v2\/comments?post=3845"}],"version-history":[{"count":24,"href":"https:\/\/k-demo.it\/cardetta\/wp-json\/wp\/v2\/pages\/3845\/revisions"}],"predecessor-version":[{"id":7078,"href":"https:\/\/k-demo.it\/cardetta\/wp-json\/wp\/v2\/pages\/3845\/revisions\/7078"}],"wp:attachment":[{"href":"https:\/\/k-demo.it\/cardetta\/wp-json\/wp\/v2\/media?parent=3845"}],"curies":[{"name":"wp","href":"https:\/\/api.w.org\/{rel}","templated":true}]}}