
{"id":3840,"date":"2015-01-11T14:10:33","date_gmt":"2015-01-11T14:10:33","guid":{"rendered":"http:\/\/www.emanuela-cardetta.com\/?page_id=3840"},"modified":"2022-03-24T11:58:48","modified_gmt":"2022-03-24T11:58:48","slug":"homepage_sk","status":"publish","type":"page","link":"https:\/\/k-demo.it\/cardetta\/homepage_sk\/","title":{"rendered":"Homepage_sk"},"content":{"rendered":"<p>[vc_row][vc_column][rev_slider_vc alias=&#8221;homepage&#8221;][\/vc_column][\/vc_row][vc_row width=&#8221;full&#8221; css=&#8221;.vc_custom_1421763241718{padding-top: 45px !important;padding-bottom: 45px !important;background-position: center !important;background-repeat: no-repeat !important;background-size: cover !important;}&#8221;][vc_column width=&#8221;7\/12&#8243;][vc_empty_space][ivan_title align=&#8221;left&#8221; c_id=&#8221;.vc_1484728647462&#8243; title_css=&#8221;color:#aa6a6a;font-size:36px;&#8221; subtitle_css=&#8221;color:#aa6a6a;line-height:32px;&#8221;]TLMO\u010cN\u00cd\u010cKA A PREKLADATE\u013dKA[\/ivan_title][ivan_title align=&#8221;left&#8221; c_id=&#8221;.vc_1428441151409&#8243; title_css=&#8221;color:#aa6a6a;font-size:32px;&#8221; subtitle_css=&#8221;color:#aa6a6a;line-height:32px;&#8221;]Talian\u010dina Angli\u010dtina Franc\u00faz\u0161tina Sloven\u010dina[\/ivan_title][vc_empty_space height=&#8221;40px&#8221;][vc_column_text c_id=&#8221;.vc_1481104244456&#8243; link_css=&#8221;font-family:Montserrat, &#8216;Helvetica Neue&#8217;, Helvetica, Arial, sans-serif;color:#aa6a6a;font-size:14px;&#8221; h2_css=&#8221;font-family:Montserrat, &#8216;Helvetica Neue&#8217;, Helvetica, Arial, sans-serif;color:#aa6a6a;&#8221;]<\/p>\n<h4>Mojou pr\u00e1cou je pom\u00e1ha\u0165 ti prekona\u0165 jazykov\u00e9 bari\u00e9ry<\/h4>\n<p style=\"text-align: justify;\">Vol\u00e1m sa Emanuela Cardetta a od roku 2009 pracujem ako\u00a0nez\u00e1visl\u00e1\u00a0tlmo\u010dn\u00ed\u010dka\u00a0a prekladate\u013eka. Absolvovala som magistersk\u00e9 \u0161t\u00fadium konferen\u010dn\u00e9ho tlmo\u010denia a mojim pracovn\u00fdm jazykom je\u00a0talian\u010dina\u00a0(m\u00f4j materinsk\u00fd jazyk),\u00a0angli\u010dtina,\u00a0franc\u00faz\u0161tina\u00a0a\u00a0sloven\u010dina.<\/p>\n<p style=\"text-align: justify;\">V minulosti som absolvovala tlmo\u010dn\u00edcku a prekladate\u013esk\u00fa prax v r\u00f4znych oboroch, ale \u0161pecializujem sa najm\u00e4 na tieto oblasti:\u00a0v\u00fdroba v\u00edna,\u00a0cestovn\u00fd\u00a0ruch\u00a0a imigr\u00e1cia. Mojim cie\u013eom je poskytova\u0165 kvalitn\u00e9 profesion\u00e1lne slu\u017eby a mojimi siln\u00fdmi str\u00e1nkami s\u00fa\u00a0odbornos\u0165, presnos\u0165\u00a0a\u00a0dochv\u00ed\u013enos\u0165.<\/p>\n<p>[\/vc_column_text][\/vc_column][vc_column width=&#8221;5\/12&#8243;][vc_single_image image=&#8221;3590&#8243; img_size=&#8221;medium&#8221; alignment=&#8221;right&#8221; style=&#8221;vc_box_circle&#8221;][\/vc_column][\/vc_row][vc_row width=&#8221;full&#8221; bg_color_row=&#8221;#66a6a6&#8243; m_bottom=&#8221;0px&#8221; css=&#8221;.vc_custom_1421763608827{padding-top: 20px !important;padding-bottom: 20px !important;}&#8221;][vc_column][ivan_title c_id=&#8221;.vc_1428441320291&#8243; title_css=&#8221;color:#ffffff;font-size:36px;background-color:#66a6a6;&#8221;]Moje slu\u017eby[\/ivan_title][\/vc_column][\/vc_row][vc_row][vc_column][vc_empty_space height=&#8221;40px&#8221;][\/vc_column][vc_column width=&#8221;1\/3&#8243;][vc_single_image image=&#8221;3286&#8243; alignment=&#8221;center&#8221;][vc_column_text c_id=&#8221;.vc_1428441648700&#8243;]<\/p>\n<h4 style=\"text-align: center;\"><strong>TLMO\u010cENIE<\/strong><\/h4>\n<p style=\"text-align: center;\">Plynul\u00e1 a presn\u00e1 komunik\u00e1cia na mnohojazy\u010dn\u00fdch podujatiach<\/p>\n<p>[\/vc_column_text][ivan_button link=&#8221;http:\/\/www.emanuela-cardetta.com\/tlmocenie\/&#8221; border_r=&#8221;round-square&#8221; align=&#8221;to-center&#8221; c_id=&#8221;.vc_1428441993029&#8243; btn_css=&#8221;color:#ffffff;background-color:#aa6a6a;&#8221;]VIAC[\/ivan_button][\/vc_column][vc_column width=&#8221;1\/3&#8243;][vc_single_image image=&#8221;3297&#8243; alignment=&#8221;center&#8221; onclick=&#8221;custom_link&#8221; link=&#8221;http:\/\/www.emanuela-cardetta.com\/?page_id=2958&#8243;][vc_column_text c_id=&#8221;.vc_1428441809528&#8243;]<\/p>\n<h4 style=\"text-align: center;\"><strong>PREKLADY<\/strong><\/h4>\n<p style=\"text-align: center;\">\u00a0Texty prelo\u017een\u00e9 s d\u00f4slednos\u0165ou a s dodr\u017ean\u00edm v\u00fdznamu v jazyku a v termin\u00f3logii<\/p>\n<p>[\/vc_column_text][ivan_button link=&#8221;http:\/\/www.emanuela-cardetta.com\/preklady-2\/&#8221; border_r=&#8221;round-square&#8221; align=&#8221;to-center&#8221; c_id=&#8221;.vc_1428442019727&#8243; btn_css=&#8221;color:#ffffff;background-color:#aa6a6a;&#8221;]VIAC[\/ivan_button][\/vc_column][vc_column width=&#8221;1\/3&#8243;][vc_single_image image=&#8221;3298&#8243; alignment=&#8221;center&#8221; onclick=&#8221;custom_link&#8221; link=&#8221;http:\/\/www.emanuela-cardetta.com\/?page_id=2966&#8243;][vc_column_text c_id=&#8221;.vc_1443794201958&#8243;]<\/p>\n<h4 style=\"text-align: center;\"><strong>JAZYKOV\u00c9 LEKCIE<\/strong><\/h4>\n<p style=\"text-align: center;\">S\u00fakromn\u00e9 hodiny pre v\u0161etky \u00farovne s praktick\u00fdm, dynamick\u00fdm a individu\u00e1lnym pristupom<\/p>\n<p>[\/vc_column_text][ivan_button link=&#8221;http:\/\/www.emanuela-cardetta.com\/jazykove-kurzy-2\/&#8221; border_r=&#8221;round-square&#8221; align=&#8221;to-center&#8221; c_id=&#8221;.vc_1428442077467&#8243; btn_css=&#8221;color:#ffffff;background-color:#aa6a6a;&#8221;]VIAC[\/ivan_button][\/vc_column][\/vc_row][vc_row][vc_column][vc_empty_space height=&#8221;50px&#8221;][\/vc_column][\/vc_row][vc_row][vc_column][ivan_title c_id=&#8221;.vc_1428443265200&#8243; title_css=&#8221;color:#aa6a6a;font-size:36px;&#8221;]Pre\u010do pr\u00e1ve ja?[\/ivan_title][\/vc_column][\/vc_row][vc_row][vc_column width=&#8221;2\/3&#8243;][ivan_progress percent=&#8221;97&#8243; c_id=&#8221;.vc_1466070046414&#8243; inner_css=&#8221;background-color:#66a6a6;&#8221; title=&#8221;Presnos\u0165&#8221;][ivan_progress percent=&#8221;97&#8243; c_id=&#8221;.vc_1466070054993&#8243; inner_css=&#8221;background-color:#66a6a6;&#8221; title=&#8221;Dochv\u00ed\u013enos\u0165&#8221;][ivan_progress percent=&#8221;97&#8243; c_id=&#8221;.vc_1466070061651&#8243; inner_css=&#8221;background-color:#66a6a6;&#8221; title=&#8221;Odbornos\u0165&#8221;][ivan_progress percent=&#8221;92&#8243; c_id=&#8221;.vc_1466070068277&#8243; inner_css=&#8221;background-color:#66a6a6;&#8221; title=&#8221;Vynikaj\u00faci pomer kvalita-cena&#8221;][\/vc_column][vc_column width=&#8221;1\/3&#8243;][vc_empty_space height=&#8221;45px&#8221;][vc_column_text c_id=&#8221;.vc_1481104290047&#8243;]<\/p>\n<p style=\"text-align: justify;\"><strong>Spokojnos\u0165 klientov<\/strong>\u00a0je pre m\u0148a\u00a0v\u017edy na prvom mieste. Po ukon\u010den\u00ed pr\u00e1ce, popros\u00edm klientov, aby vyplnili stru\u010dn\u00fd dotazn\u00edk, v ktorom m\u00f4\u017eu zhodnoti\u0165 moje slu\u017eby. Tu s\u00fa v\u00fdsledky.<\/p>\n<p>[\/vc_column_text][\/vc_column][\/vc_row][vc_row width=&#8221;full&#8221; bg_color_row=&#8221;#aa6a6a&#8221; css=&#8221;.vc_custom_1418760926703{padding-top: 45px !important;padding-bottom: 25px !important;}&#8221;][vc_column][ivan_title c_id=&#8221;.vc_1428442680506&#8243; title_css=&#8221;color:#ffffff;font-size:36px;&#8221;]Referencie[\/ivan_title][vc_empty_space height=&#8221;20px&#8221;][ivan_carousel ivan_columns=&#8221;3&#8243; ivan_columns_desktop=&#8221;3&#8243; ivan_columns_desktop_small=&#8221;2&#8243; ivan_columns_tablet=&#8221;2&#8243; ivan_columns_mobile=&#8221;1&#8243; margin=&#8221;normal&#8221; ivan_carousel_nav=&#8221;yes&#8221; ivan_carousel_bullets=&#8221;no&#8221; arrows_hover=&#8221;yes&#8221; arr_style=&#8221;style-opaque-box&#8221; c_id=&#8221;.vc_1420735184693&#8243; block_css=&#8221;padding-bottom:40px;&#8221; navigation_css=&#8221;height:340px;&#8221;][ivan_testimonial image_id=&#8221;2883&#8243; c_id=&#8221;.vc_1420735409739&#8243; author_css=&#8221;color:#ffffff;&#8221; desc_css=&#8221;color:#ffffff;&#8221; img_css=&#8221;margin-right:30px;&#8221; author=&#8221;Responsabile marketing azienda, 02\/12\/2014&#8243; el_class=&#8221;ivan-testimonial boxed-left light-bg&#8221;]Molto precisa e professionale, sia per la terminologia che ha utilizzato, che per il comportamento. Siamo molto soddisfatti.[\/ivan_testimonial][ivan_testimonial image_id=&#8221;2883&#8243; c_id=&#8221;.vc_1420735426151&#8243; author_css=&#8221;color:#ffffff;&#8221; desc_css=&#8221;color:#ffffff;&#8221; img_css=&#8221;margin-right:30px;&#8221; author=&#8221;Responsabile di un&#8217;associazione, 04\/12\/2013&#8243; el_class=&#8221;ivan-testimonial boxed-left light-bg&#8221;]Emanuela Cardetta ha collaborato con professionalit\u00e0 e competenza in qualit\u00e0 di interprete di conferenza prestando il servizio di interpretazione simultanea italiano-francese[\/ivan_testimonial][ivan_testimonial image_id=&#8221;2883&#8243; c_id=&#8221;.vc_1420735433271&#8243; author_css=&#8221;color:#ffffff;&#8221; desc_css=&#8221;color:#ffffff;&#8221; img_css=&#8221;margin-right:30px;&#8221; author=&#8221;Responsabile di associazione, 22\/04\/2010&#8243; el_class=&#8221;ivan-testimonial boxed-left light-bg&#8221;]La dott. Emanuela Cardetta ha svolto attivit\u00e0 di interpretazione simultanea italiano-inglese in occasione di una conferenza della nostra associazione. Giudizio sul servizio prestato: ottimo.[\/ivan_testimonial][ivan_testimonial image_id=&#8221;2883&#8243; c_id=&#8221;.vc_1420735444532&#8243; author_css=&#8221;color:#ffffff;&#8221; desc_css=&#8221;color:#ffffff;&#8221; img_css=&#8221;margin-right:30px;&#8221; author=&#8221;Event organiser of an association, 17\/07\/2011&#8243; el_class=&#8221;ivan-testimonial boxed-left light-bg&#8221;]Ms Cardetta has tackled her work with expertise and diligence. We have been very satisfied with her interpreting skills and highly recommend Ms Cardetta for interpreting assignments. She also has a very friendly disposition and is excellent at working in a dynamic environment and participating in team projects.[\/ivan_testimonial][ivan_testimonial image_id=&#8221;2883&#8243; c_id=&#8221;.vc_1420735449673&#8243; author_css=&#8221;color:#ffffff;&#8221; desc_css=&#8221;color:#ffffff;&#8221; img_css=&#8221;margin-right:30px;&#8221; author=&#8221;Emma Bonino, 11\/06\/2010&#8243; el_class=&#8221;ivan-testimonial boxed-left light-bg&#8221;]Emanuela Cardetta ha collaborato brillantemente e con competenza ai lavori del Consiglio Generale del Partito Radicale. Ha effettuato la traduzione simultanea italiano-francese nei tre giorni della conferenza (\u2026) con apprezzamento e soddisfazione unanime.[\/ivan_testimonial][ivan_testimonial image_id=&#8221;2883&#8243; c_id=&#8221;.vc_1420735457006&#8243; author_css=&#8221;color:#ffffff;&#8221; desc_css=&#8221;color:#ffffff;&#8221; img_css=&#8221;margin-right:30px;&#8221; author=&#8221;Responsabile di un&#8217;associazione, 14\/11\/2013&#8243; el_class=&#8221;ivan-testimonial boxed-left light-bg&#8221;]La dott.ssa Cardetta ha prestato servizio presso il nostro centro come interprete e traduttrice dall&#8217;italiano all&#8217;inglese e dall&#8217;inglese all&#8217;italiano. (\u2026) La dottoressa Cardetta ha svolto questi incarichi con professionalit\u00e0 e precisione, riscontrando pareri e valutazioni positive.[\/ivan_testimonial][\/ivan_carousel][vc_empty_space height=&#8221;20px&#8221;][\/vc_column][\/vc_row][vc_row css=&#8221;.vc_custom_1418634541102{padding-top: 45px !important;padding-bottom: 45px !important;}&#8221;][vc_column width=&#8221;1\/5&#8243;][vc_column_text c_id=&#8221;.vc_1428442767198&#8243;]<\/p>\n<h1 style=\"text-align: center;\">MOJE \u010cISLA<\/h1>\n<p>[\/vc_column_text][\/vc_column][vc_column width=&#8221;1\/5&#8243;][ivan_counter sub=&#8221;Roky sk\u00fasenosti&#8221; ico=&#8221;fa fa-briefcase&#8221; animated=&#8221;yes&#8221; start=&#8221;0&#8243; duration=&#8221;3&#8243; c_id=&#8221;.vc_1618219374788&#8243; icon_css=&#8221;color:#aa6a6a;&#8221;]12[\/ivan_counter][\/vc_column][vc_column width=&#8221;1\/5&#8243;][ivan_counter sub=&#8221;Dni tlmo\u010denia&#8221; ico=&#8221;fa fa-calendar&#8221; animated=&#8221;yes&#8221; start=&#8221;0&#8243; duration=&#8221;3&#8243; c_id=&#8221;.vc_1648123106418&#8243; icon_css=&#8221;color:#aa6a6a;&#8221;]500[\/ivan_counter][\/vc_column][vc_column width=&#8221;1\/5&#8243;][ivan_counter sub=&#8221;Prelo\u017een\u00e9 slov\u00e1&#8221; ico=&#8221;fa fa-keyboard-o&#8221; animated=&#8221;yes&#8221; start=&#8221;0&#8243; duration=&#8221;3.5&#8243; c_id=&#8221;.vc_1648123124503&#8243; icon_css=&#8221;color:#aa6a6a;&#8221;]1.200.000[\/ivan_counter][\/vc_column][vc_column width=&#8221;1\/5&#8243;][ivan_counter sub=&#8221;Hodiny vyu\u010dovania&#8221; ico=&#8221;fa fa-clock-o&#8221; animated=&#8221;yes&#8221; start=&#8221;0&#8243; duration=&#8221;4&#8243; c_id=&#8221;.vc_1618219404538&#8243; icon_css=&#8221;color:#aa6a6a;&#8221;]850[\/ivan_counter][\/vc_column][\/vc_row][vc_row width=&#8221;full&#8221; bg_type=&#8221;image&#8221; bg_color_row=&#8221;#f2f2f2&#8243; bg_image_url=&#8221;3004&#8243; bg_repeat=&#8221;repeat&#8221; bg_size=&#8221;auto&#8221; css=&#8221;.vc_custom_1418759670695{padding-top: 30px !important;padding-bottom: 20px !important;}&#8221;][vc_column][ivan_title align=&#8221;left&#8221; c_id=&#8221;.vc_1428442834971&#8243; title_css=&#8221;color:#aa6a6a;&#8221;]Tu ma n\u00e1jde\u0161[\/ivan_title][ivan_contact c_id=&#8221;.vc_1635156895889&#8243;]\n<div class=\"wpcf7 no-js\" id=\"wpcf7-f7075-o1\" lang=\"it-IT\" dir=\"ltr\">\n<div class=\"screen-reader-response\"><p role=\"status\" aria-live=\"polite\" aria-atomic=\"true\"><\/p> <ul><\/ul><\/div>\n<form action=\"\/cardetta\/wp-json\/wp\/v2\/pages\/3840#wpcf7-f7075-o1\" method=\"post\" class=\"wpcf7-form init\" aria-label=\"Modulo di contatto\" novalidate=\"novalidate\" data-status=\"init\">\n<div style=\"display: none;\">\n<input type=\"hidden\" name=\"_wpcf7\" value=\"7075\" \/>\n<input type=\"hidden\" name=\"_wpcf7_version\" value=\"5.9.7\" \/>\n<input type=\"hidden\" name=\"_wpcf7_locale\" value=\"it_IT\" \/>\n<input type=\"hidden\" name=\"_wpcf7_unit_tag\" value=\"wpcf7-f7075-o1\" \/>\n<input type=\"hidden\" name=\"_wpcf7_container_post\" value=\"0\" \/>\n<input type=\"hidden\" name=\"_wpcf7_posted_data_hash\" value=\"\" \/>\n<\/div>\n<div class=\"row\">\n\t<div class=\"field-wrap col-md-6 col-sm-12\">\n\t\t<p><span class=\"wpcf7-form-control-wrap\" data-name=\"name-upload\"><input size=\"40\" maxlength=\"400\" class=\"wpcf7-form-control wpcf7-text wpcf7-validates-as-required\" aria-required=\"true\" aria-invalid=\"false\" placeholder=\"Meno *\" value=\"\" type=\"text\" name=\"name-upload\" \/><\/span>\n\t\t<\/p>\n\t<\/div>\n\t<div class=\"field-wrap col-md-6 col-sm-12\">\n\t\t<p><span class=\"wpcf7-form-control-wrap\" data-name=\"email\"><input size=\"40\" maxlength=\"400\" class=\"wpcf7-form-control wpcf7-email wpcf7-validates-as-required wpcf7-text wpcf7-validates-as-email\" aria-required=\"true\" aria-invalid=\"false\" placeholder=\"Email *\" value=\"\" type=\"email\" name=\"email\" \/><\/span>\n\t\t<\/p>\n\t<\/div>\n\t<div class=\"field-wrap col-md-6 col-sm-12\">\n\t\t<p><span class=\"wpcf7-form-control-wrap\" data-name=\"tel\"><input size=\"40\" maxlength=\"400\" class=\"wpcf7-form-control wpcf7-tel wpcf7-text wpcf7-validates-as-tel\" aria-invalid=\"false\" placeholder=\"Telef\u00f3nne \u010dislo\" value=\"\" type=\"tel\" name=\"tel\" \/><\/span>\n\t\t<\/p>\n\t<\/div>\n\t<div class=\"field-wrap col-md-6 col-sm-12\">\n\t\t<p><span class=\"wpcf7-form-control-wrap\" data-name=\"oggetto\"><input size=\"40\" maxlength=\"140\" class=\"wpcf7-form-control wpcf7-text\" aria-invalid=\"false\" placeholder=\"Spr\u00e1va\" value=\"\" type=\"text\" name=\"oggetto\" \/><\/span>\n\t\t<\/p>\n\t<\/div>\n\t<div class=\"field-wrap col-xs-12 col-sm-12 col-md-4\">\n\t\t<p><span class=\"wpcf7-form-control-wrap\" data-name=\"privacy\"><span class=\"wpcf7-form-control wpcf7-acceptance\"><span class=\"wpcf7-list-item\"><label><input type=\"checkbox\" name=\"privacy\" value=\"1\" aria-invalid=\"false\" \/><span class=\"wpcf7-list-item-label\"><strong>S\u00fahlasim s podmienkami <a href=\"http:\/\/www.emanuela-cardetta.com\/privacy-policy-sk\/\">ochrany osobn\u00fdch \u00fadajov<\/a>.<\/strong>*<\/span><\/label><\/span><\/span><\/span>\n\t\t<\/p>\n\t<\/div>\n\t<div class=\"field-wrap col-xs-12 col-sm-12 col-md-2\">\n\t\t<p><input class=\"wpcf7-form-control wpcf7-submit has-spinner\" type=\"submit\" value=\"Invia\" \/>\n\t\t<\/p>\n\t<\/div>\n<\/div><div class=\"wpcf7-response-output\" aria-hidden=\"true\"><\/div>\n<\/form>\n<\/div>\n[\/ivan_contact][\/vc_column][\/vc_row]<\/p>\n","protected":false},"excerpt":{"rendered":"<p>[vc_row][vc_column][rev_slider_vc alias=&#8221;homepage&#8221;][\/vc_column][\/vc_row][vc_row width=&#8221;full&#8221; css=&#8221;.vc_custom_1421763241718{padding-top: 45px !important;padding-bottom: 45px !important;background-position: center !important;background-repeat: no-repeat !important;background-size: cover !important;}&#8221;][vc_column width=&#8221;7\/12&#8243;][vc_empty_space][ivan_title align=&#8221;left&#8221; c_id=&#8221;.vc_1484728647462&#8243; title_css=&#8221;color:#aa6a6a;font-size:36px;&#8221; subtitle_css=&#8221;color:#aa6a6a;line-height:32px;&#8221;]TLMO\u010cN\u00cd\u010cKA A PREKLADATE\u013dKA[\/ivan_title][ivan_title align=&#8221;left&#8221; c_id=&#8221;.vc_1428441151409&#8243; title_css=&#8221;color:#aa6a6a;font-size:32px;&#8221; subtitle_css=&#8221;color:#aa6a6a;line-height:32px;&#8221;]Talian\u010dina Angli\u010dtina Franc\u00faz\u0161tina Sloven\u010dina[\/ivan_title][vc_empty_space height=&#8221;40px&#8221;][vc_column_text c_id=&#8221;.vc_1481104244456&#8243; link_css=&#8221;font-family:Montserrat, &#8216;Helvetica Neue&#8217;, Helvetica, Arial, sans-serif;color:#aa6a6a;font-size:14px;&#8221; h2_css=&#8221;font-family:Montserrat, &#8216;Helvetica Neue&#8217;, Helvetica, Arial, sans-serif;color:#aa6a6a;&#8221;] Mojou pr\u00e1cou je&#8230;<\/p>\n","protected":false},"author":2,"featured_media":0,"parent":0,"menu_order":0,"comment_status":"open","ping_status":"closed","template":"","meta":{"jetpack_post_was_ever_published":false,"footnotes":""},"class_list":["post-3840","page","type-page","status-publish","hentry"],"yoast_head":"<!-- This site is optimized with the Yoast SEO plugin v23.1 - https:\/\/yoast.com\/wordpress\/plugins\/seo\/ -->\n<title>Tlmo\u010dn\u00ed\u010dka a prekladate\u013eka<\/title>\n<meta name=\"description\" content=\"Tlmo\u010dn\u00ed\u010dka a prekladate\u013eka. Jayzky: talian\u010dina, sloven\u010dina, angli\u010dtina, franc\u00faz\u0161tina. Slu\u017eby: tlmo\u010denie, preklady, kurzy jazykov\" \/>\n<meta name=\"robots\" content=\"index, follow, max-snippet:-1, max-image-preview:large, max-video-preview:-1\" \/>\n<link rel=\"canonical\" href=\"https:\/\/k-demo.it\/cardetta\/homepage_sk\/\" \/>\n<meta property=\"og:locale\" content=\"it_IT\" \/>\n<meta property=\"og:type\" content=\"article\" \/>\n<meta property=\"og:title\" content=\"Tlmo\u010dn\u00ed\u010dka a prekladate\u013eka\" \/>\n<meta property=\"og:description\" content=\"Tlmo\u010dn\u00ed\u010dka a prekladate\u013eka. Jayzky: talian\u010dina, sloven\u010dina, angli\u010dtina, franc\u00faz\u0161tina. Slu\u017eby: tlmo\u010denie, preklady, kurzy jazykov\" \/>\n<meta property=\"og:url\" content=\"https:\/\/k-demo.it\/cardetta\/homepage_sk\/\" \/>\n<meta property=\"og:site_name\" content=\"Emanuela Cardetta\" \/>\n<meta property=\"article:modified_time\" content=\"2022-03-24T11:58:48+00:00\" \/>\n<meta name=\"twitter:card\" content=\"summary_large_image\" \/>\n<meta name=\"twitter:site\" content=\"@EmanuelaParole\" \/>\n<meta name=\"twitter:label1\" content=\"Tempo di lettura stimato\" \/>\n\t<meta name=\"twitter:data1\" content=\"4 minuti\" \/>\n<script type=\"application\/ld+json\" class=\"yoast-schema-graph\">{\"@context\":\"https:\/\/schema.org\",\"@graph\":[{\"@type\":\"WebPage\",\"@id\":\"https:\/\/k-demo.it\/cardetta\/homepage_sk\/\",\"url\":\"https:\/\/k-demo.it\/cardetta\/homepage_sk\/\",\"name\":\"Tlmo\u010dn\u00ed\u010dka a prekladate\u013eka\",\"isPartOf\":{\"@id\":\"https:\/\/k-demo.it\/cardetta\/#website\"},\"datePublished\":\"2015-01-11T14:10:33+00:00\",\"dateModified\":\"2022-03-24T11:58:48+00:00\",\"description\":\"Tlmo\u010dn\u00ed\u010dka a prekladate\u013eka. Jayzky: talian\u010dina, sloven\u010dina, angli\u010dtina, franc\u00faz\u0161tina. Slu\u017eby: tlmo\u010denie, preklady, kurzy jazykov\",\"breadcrumb\":{\"@id\":\"https:\/\/k-demo.it\/cardetta\/homepage_sk\/#breadcrumb\"},\"inLanguage\":\"it-IT\",\"potentialAction\":[{\"@type\":\"ReadAction\",\"target\":[\"https:\/\/k-demo.it\/cardetta\/homepage_sk\/\"]}]},{\"@type\":\"BreadcrumbList\",\"@id\":\"https:\/\/k-demo.it\/cardetta\/homepage_sk\/#breadcrumb\",\"itemListElement\":[{\"@type\":\"ListItem\",\"position\":1,\"name\":\"Home\",\"item\":\"https:\/\/k-demo.it\/cardetta\/homepage\/\"},{\"@type\":\"ListItem\",\"position\":2,\"name\":\"Homepage_sk\"}]},{\"@type\":\"WebSite\",\"@id\":\"https:\/\/k-demo.it\/cardetta\/#website\",\"url\":\"https:\/\/k-demo.it\/cardetta\/\",\"name\":\"Emanuela Cardetta\",\"description\":\"Interprete e traduttrice\",\"potentialAction\":[{\"@type\":\"SearchAction\",\"target\":{\"@type\":\"EntryPoint\",\"urlTemplate\":\"https:\/\/k-demo.it\/cardetta\/?s={search_term_string}\"},\"query-input\":\"required name=search_term_string\"}],\"inLanguage\":\"it-IT\"}]}<\/script>\n<!-- \/ Yoast SEO plugin. -->","yoast_head_json":{"title":"Tlmo\u010dn\u00ed\u010dka a prekladate\u013eka","description":"Tlmo\u010dn\u00ed\u010dka a prekladate\u013eka. Jayzky: talian\u010dina, sloven\u010dina, angli\u010dtina, franc\u00faz\u0161tina. Slu\u017eby: tlmo\u010denie, preklady, kurzy jazykov","robots":{"index":"index","follow":"follow","max-snippet":"max-snippet:-1","max-image-preview":"max-image-preview:large","max-video-preview":"max-video-preview:-1"},"canonical":"https:\/\/k-demo.it\/cardetta\/homepage_sk\/","og_locale":"it_IT","og_type":"article","og_title":"Tlmo\u010dn\u00ed\u010dka a prekladate\u013eka","og_description":"Tlmo\u010dn\u00ed\u010dka a prekladate\u013eka. Jayzky: talian\u010dina, sloven\u010dina, angli\u010dtina, franc\u00faz\u0161tina. Slu\u017eby: tlmo\u010denie, preklady, kurzy jazykov","og_url":"https:\/\/k-demo.it\/cardetta\/homepage_sk\/","og_site_name":"Emanuela Cardetta","article_modified_time":"2022-03-24T11:58:48+00:00","twitter_card":"summary_large_image","twitter_site":"@EmanuelaParole","twitter_misc":{"Tempo di lettura stimato":"4 minuti"},"schema":{"@context":"https:\/\/schema.org","@graph":[{"@type":"WebPage","@id":"https:\/\/k-demo.it\/cardetta\/homepage_sk\/","url":"https:\/\/k-demo.it\/cardetta\/homepage_sk\/","name":"Tlmo\u010dn\u00ed\u010dka a prekladate\u013eka","isPartOf":{"@id":"https:\/\/k-demo.it\/cardetta\/#website"},"datePublished":"2015-01-11T14:10:33+00:00","dateModified":"2022-03-24T11:58:48+00:00","description":"Tlmo\u010dn\u00ed\u010dka a prekladate\u013eka. Jayzky: talian\u010dina, sloven\u010dina, angli\u010dtina, franc\u00faz\u0161tina. Slu\u017eby: tlmo\u010denie, preklady, kurzy jazykov","breadcrumb":{"@id":"https:\/\/k-demo.it\/cardetta\/homepage_sk\/#breadcrumb"},"inLanguage":"it-IT","potentialAction":[{"@type":"ReadAction","target":["https:\/\/k-demo.it\/cardetta\/homepage_sk\/"]}]},{"@type":"BreadcrumbList","@id":"https:\/\/k-demo.it\/cardetta\/homepage_sk\/#breadcrumb","itemListElement":[{"@type":"ListItem","position":1,"name":"Home","item":"https:\/\/k-demo.it\/cardetta\/homepage\/"},{"@type":"ListItem","position":2,"name":"Homepage_sk"}]},{"@type":"WebSite","@id":"https:\/\/k-demo.it\/cardetta\/#website","url":"https:\/\/k-demo.it\/cardetta\/","name":"Emanuela Cardetta","description":"Interprete e traduttrice","potentialAction":[{"@type":"SearchAction","target":{"@type":"EntryPoint","urlTemplate":"https:\/\/k-demo.it\/cardetta\/?s={search_term_string}"},"query-input":"required name=search_term_string"}],"inLanguage":"it-IT"}]}},"lang":"sk","translations":{"sk":3840,"en":3328,"it":2774,"fr":3512},"jetpack_shortlink":"https:\/\/wp.me\/P4rV1K-ZW","jetpack_sharing_enabled":true,"jetpack-related-posts":[],"pll_sync_post":[],"post_mailing_queue_ids":[],"_links":{"self":[{"href":"https:\/\/k-demo.it\/cardetta\/wp-json\/wp\/v2\/pages\/3840","targetHints":{"allow":["GET"]}}],"collection":[{"href":"https:\/\/k-demo.it\/cardetta\/wp-json\/wp\/v2\/pages"}],"about":[{"href":"https:\/\/k-demo.it\/cardetta\/wp-json\/wp\/v2\/types\/page"}],"author":[{"embeddable":true,"href":"https:\/\/k-demo.it\/cardetta\/wp-json\/wp\/v2\/users\/2"}],"replies":[{"embeddable":true,"href":"https:\/\/k-demo.it\/cardetta\/wp-json\/wp\/v2\/comments?post=3840"}],"version-history":[{"count":34,"href":"https:\/\/k-demo.it\/cardetta\/wp-json\/wp\/v2\/pages\/3840\/revisions"}],"predecessor-version":[{"id":7128,"href":"https:\/\/k-demo.it\/cardetta\/wp-json\/wp\/v2\/pages\/3840\/revisions\/7128"}],"wp:attachment":[{"href":"https:\/\/k-demo.it\/cardetta\/wp-json\/wp\/v2\/media?parent=3840"}],"curies":[{"name":"wp","href":"https:\/\/api.w.org\/{rel}","templated":true}]}}